{"id":64,"date":"2014-08-04T13:13:21","date_gmt":"2014-08-04T10:13:21","guid":{"rendered":"http:\/\/www.lampohuolto.fi\/uusisivupohja\/?page_id=64"},"modified":"2014-08-05T14:50:48","modified_gmt":"2014-08-05T11:50:48","slug":"asiointia-ohjeita","status":"publish","type":"page","link":"https:\/\/www.lampohuolto.fi\/?page_id=64","title":{"rendered":"Ohjeita &#038; yhteydenottoa"},"content":{"rendered":"<p>T\u00e4ss\u00e4 valikossa erilaisia ohjeita kaukol\u00e4mm\u00f6n k\u00e4ytt\u00e4jille sek\u00e4 ty\u00f6kaluja yhteydenottoon niin uusille kuin vanhoillekin asiakkaille.<\/p>\n","protected":false},"excerpt":{"rendered":"<p>T\u00e4ss\u00e4 valikossa erilaisia ohjeita kaukol\u00e4mm\u00f6n k\u00e4ytt\u00e4jille sek\u00e4 ty\u00f6kaluja yhteydenottoon niin uusille kuin vanhoillekin asiakkaille.<\/p>\n","protected":false},"author":1,"featured_media":0,"parent":0,"menu_order":0,"comment_status":"closed","ping_status":"closed","template":"page-templates\/real-full-width.php","meta":{"footnotes":""},"class_list":["post-64","page","type-page","status-publish","hentry"],"_links":{"self":[{"href":"https:\/\/www.lampohuolto.fi\/index.php?rest_route=\/wp\/v2\/pages\/64","targetHints":{"allow":["GET"]}}],"collection":[{"href":"https:\/\/www.lampohuolto.fi\/index.php?rest_route=\/wp\/v2\/pages"}],"about":[{"href":"https:\/\/www.lampohuolto.fi\/index.php?rest_route=\/wp\/v2\/types\/page"}],"author":[{"embeddable":true,"href":"https:\/\/www.lampohuolto.fi\/index.php?rest_route=\/wp\/v2\/users\/1"}],"replies":[{"embeddable":true,"href":"https:\/\/www.lampohuolto.fi\/index.php?rest_route=%2Fwp%2Fv2%2Fcomments&post=64"}],"version-history":[{"count":7,"href":"https:\/\/www.lampohuolto.fi\/index.php?rest_route=\/wp\/v2\/pages\/64\/revisions"}],"predecessor-version":[{"id":154,"href":"https:\/\/www.lampohuolto.fi\/index.php?rest_route=\/wp\/v2\/pages\/64\/revisions\/154"}],"wp:attachment":[{"href":"https:\/\/www.lampohuolto.fi\/index.php?rest_route=%2Fwp%2Fv2%2Fmedia&parent=64"}],"curies":[{"name":"wp","href":"https:\/\/api.w.org\/{rel}","templated":true}]}}