{"id":81,"date":"2014-08-04T14:37:23","date_gmt":"2014-08-04T11:37:23","guid":{"rendered":"http:\/\/www.lampohuolto.fi\/uusisivupohja\/?page_id=81"},"modified":"2014-08-04T14:51:33","modified_gmt":"2014-08-04T11:51:33","slug":"2006-2010","status":"publish","type":"page","link":"https:\/\/www.lampohuolto.fi\/?page_id=81","title":{"rendered":"2006-2010"},"content":{"rendered":"<h3>L\u00e4mmitystarveluvut kuukausittain<\/h3>\n<h3>2006<\/h3>\n<p>tammikuu 668<br \/>\nhelmikuu 706<br \/>\nmaaliskuu 797<br \/>\nhuhtikuu 384<br \/>\ntoukokuu 142<br \/>\nkes\u00e4kuu 23<br \/>\nhein\u00e4kuu 0<br \/>\nelokuu 0<br \/>\nsyyskuu 87<br \/>\nlokakuu 376<br \/>\nmarraskuu 483<br \/>\njoulukuu 469<\/p>\n<p>yhteens\u00e4 4135<\/p>\n<h3>2007<\/h3>\n<p>tammikuu 690<br \/>\nhelmikuu 807<br \/>\nmaaliskuu 496<br \/>\nhuhtikuu 370<br \/>\ntoukokuu 178<br \/>\nkes\u00e4kuu 8<br \/>\nhein\u00e4kuu 0<br \/>\nelokuu 45<br \/>\nsyyskuu 230<br \/>\nlokakuu 345<br \/>\nmarraskuu 544<br \/>\njoulukuu 504<\/p>\n<p>yhteens\u00e4 4217<\/p>\n<h3>2008<\/h3>\n<p>tammikuu 584<br \/>\nhelmikuu 535<br \/>\nmaaliskuu 594<br \/>\nhuhtikuu 373<br \/>\ntoukokuu 182<br \/>\nkes\u00e4kuu 18<br \/>\nhein\u00e4kuu 26<br \/>\nelokuu 62<br \/>\nsyyskuu 267<br \/>\nlokakuu 346<br \/>\nmarraskuu 497<br \/>\njoulukuu 551<\/p>\n<p>yhteens\u00e4 4035<\/p>\n<h3>2009<\/h3>\n<p>tammikuu 707<br \/>\nhelmikuu 660<br \/>\nmaaliskuu 614<br \/>\nhuhtikuu 378<br \/>\ntoukokuu 113<br \/>\nkes\u00e4kuu 72<br \/>\nhein\u00e4kuu 21<br \/>\nelokuu 31<br \/>\nsyyskuu 137<br \/>\nlokakuu 482<br \/>\nmarraskuu 453<br \/>\njoulukuu 738<\/p>\n<p>yhteens\u00e4 4406<\/p>\n<h3>2010<\/h3>\n<p>tammikuu 929<br \/>\nhelmikuu 758<br \/>\nmaaliskuu 642<br \/>\nhuhtikuu 405<br \/>\ntoukokuu 180<br \/>\nkes\u00e4kuu 8<br \/>\nhein\u00e4kuu 0<br \/>\nelokuu 57<br \/>\nsyyskuu 196<br \/>\nlokakuu 407<br \/>\nmarraskuu 660<br \/>\njoulukuu 904<\/p>\n<p>yhteens\u00e4 5146<\/p>\n","protected":false},"excerpt":{"rendered":"<p>L\u00e4mmitystarveluvut kuukausittain 2006 tammikuu 668 helmikuu 706 maaliskuu 797 huhtikuu 384 toukokuu 142 kes\u00e4kuu 23 hein\u00e4kuu 0 elokuu 0 syyskuu 87 lokakuu 376 marraskuu 483 joulukuu 469 yhteens\u00e4 4135 2007 tammikuu 690 helmikuu 807 maaliskuu 496 huhtikuu 370 toukokuu 178 kes\u00e4kuu 8 hein\u00e4kuu 0 elokuu 45 syyskuu 230 lokakuu 345 marraskuu 544 joulukuu 504 yhteens\u00e4 &hellip; <a href=\"https:\/\/www.lampohuolto.fi\/?page_id=81\" class=\"more-link\">Jatka lukemista <span class=\"screen-reader-text\">2006-2010<\/span> <span class=\"meta-nav\">&rarr;<\/span><\/a><\/p>\n","protected":false},"author":1,"featured_media":0,"parent":22,"menu_order":0,"comment_status":"closed","ping_status":"closed","template":"page-templates\/real-full-width.php","meta":{"footnotes":""},"class_list":["post-81","page","type-page","status-publish","hentry"],"_links":{"self":[{"href":"https:\/\/www.lampohuolto.fi\/index.php?rest_route=\/wp\/v2\/pages\/81","targetHints":{"allow":["GET"]}}],"collection":[{"href":"https:\/\/www.lampohuolto.fi\/index.php?rest_route=\/wp\/v2\/pages"}],"about":[{"href":"https:\/\/www.lampohuolto.fi\/index.php?rest_route=\/wp\/v2\/types\/page"}],"author":[{"embeddable":true,"href":"https:\/\/www.lampohuolto.fi\/index.php?rest_route=\/wp\/v2\/users\/1"}],"replies":[{"embeddable":true,"href":"https:\/\/www.lampohuolto.fi\/index.php?rest_route=%2Fwp%2Fv2%2Fcomments&post=81"}],"version-history":[{"count":4,"href":"https:\/\/www.lampohuolto.fi\/index.php?rest_route=\/wp\/v2\/pages\/81\/revisions"}],"predecessor-version":[{"id":96,"href":"https:\/\/www.lampohuolto.fi\/index.php?rest_route=\/wp\/v2\/pages\/81\/revisions\/96"}],"up":[{"embeddable":true,"href":"https:\/\/www.lampohuolto.fi\/index.php?rest_route=\/wp\/v2\/pages\/22"}],"wp:attachment":[{"href":"https:\/\/www.lampohuolto.fi\/index.php?rest_route=%2Fwp%2Fv2%2Fmedia&parent=81"}],"curies":[{"name":"wp","href":"https:\/\/api.w.org\/{rel}","templated":true}]}}